3, 31, 2243
List the prime factors of 36219.
3, 12073
List the prime factors of 66784.
2, 2087
What are the prime factors of 438276?
2, 3, 36523
What are the prime factors of 602320?
2, 5, 7529
List the prime factors of 4307.
59, 73
What are the prime factors of 26029?
26029
List the prime factors of 1180743.
3, 393581
What are the prime factors of 623746?
2, 37, 8429
List the prime factors of 14469629.
43, 336503
List the prime factors of 434235.
3, 5, 28949
What are the prime factors of 9452055?
3, 5, 31, 20327
List the prime factors of 218080.
2, 5, 29, 47
List the prime factors of 1141573.
1141573
What are the prime factors of 770350?
2, 5, 7, 31, 71
What are the prime factors of 15575743?
15575743
List the prime factors of 5209592.
2, 23, 1231
List the prime factors of 790257.
3, 13, 23, 881
What are the prime factors of 294715?
5, 58943
List the prime factors of 10729380.
2, 3, 5, 17, 67, 157
List the prime factors of 893818.
2, 446909
List the prime factors of 7255869.
3, 631, 3833
What are the prime factors of 810194?
2, 7, 11, 5261
List the prime factors of 1357249.
127, 10687
List the prime factors of 168284.
2, 42071
What are the prime factors of 10193680?
2, 5, 7, 109, 167
What are the prime factors of 922123?
922123
What are the prime factors of 4000735?
5, 19, 23, 1831
List the prime factors of 4333977.
3, 263, 1831
What are the prime factors of 214193?
7, 37, 827
List the prime factors of 3897669.
3, 1299223
What are the prime factors of 1410488?
2, 157, 1123
List the prime factors of 1363999.
7, 13, 1153
What are the prime factors of 33713742?
2, 3, 5618957
List the prime factors of 961813.
961813
What are the prime factors of 12912425?
5, 397, 1301
What are the prime factors of 19190333?
31, 281, 2203
What are the prime factors of 2278634?
2, 127, 8971
What are the prime factors of 386053?
17, 22709
What are the prime factors of 9219412?
2, 23, 4357
What are the prime factors of 360129?
3, 7, 11, 1559
List the prime factors of 37086.
2, 3, 7, 883
List the prime factors of 424221.
3, 7, 20201
List the prime factors of 25662221.
13, 257, 7681
What are the prime factors of 1230187?
7, 43, 61, 67
What are the prime factors of 165041?
165041
List the prime factors of 2524868.
2, 331, 1907
What are the prime factors of 149734?
2, 13, 443
What are the prime factors of 147632?
2, 9227
List the prime factors of 41603.
41603
List the prime factors of 1621611.
3, 180179
What are the prime factors of 3970218?
2, 3, 7, 94529
List the prime factors of 2175518.
2, 31, 35089
List the prime factors of 669051.
3, 79, 941
List the prime factors of 2166571.
11, 196961
List the prime factors of 709596.
2, 3, 23, 857
List the prime factors of 2795479.
59, 47381
List the prime factors of 265318.
2, 53, 2503
List the prime factors of 1123621.
1123621
List the prime factors of 21044855.
5, 13, 323767
List the prime factors of 327906.
2, 3, 18217
List the prime factors of 12993730.
2, 5, 191, 6803
List the prime factors of 13970682.
2, 3, 11, 37, 1907
List the prime factors of 828869.
17, 48757
List the prime factors of 12458.
2, 6229
What are the prime factors of 3511655?
5, 7, 100333
What are the prime factors of 14084750?
2, 5, 53, 1063
List the prime factors of 155029.
7, 22147
List the prime factors of 141541.
59, 2399
List the prime factors of 16856458.
2, 19, 443591
What are the prime factors of 6994555?
5, 1398911
What are the prime factors of 19766545?
5, 23, 29, 5927
List the prime factors of 596800.
2, 5, 373
What are the prime factors of 9807441?
3, 7, 467021
What are the prime factors of 181616?
2, 11351
What are the prime factors of 417878?
2, 37, 5647
List the prime factors of 6083509.
131, 46439
List the prime factors of 1504214.
2, 752107
What are the prime factors of 22198?
2, 11, 1009
What are the prime factors of 38102?
2, 19051
List the prime factors of 301559.
43, 7013
List the prime factors of 409568.
2, 12799
What are the prime factors of 895932?
2, 3, 41, 607
What are the prime factors of 5160812?
2, 1290203
List the prime factors of 1645201.
31, 73, 727
List the prime factors of 8010748.
2, 281, 7127
List the prime factors of 7385350.
2, 5, 7, 21101
What are the prime factors of 593421?
3, 197807
List the prime factors of 510742.
2, 255371
What are the prime factors of 167694?
2, 3, 19, 1471
What are the prime factors of 4608634?
2, 2304317
List the prime factors of 678495.
3, 5, 45233
List the prime factors of 1503682.
2, 751841
List the prime factors of 3412458.
2, 3, 7, 53, 73
List the prime factors of 75879.
3, 8431
What are the prime factors of 1571695?
5, 314339
What are the prime factors of 59822?
2, 7, 4273
List the prime factors of 4824099.
3, 7, 10939
List the prime factors of 108990.
2, 3, 5, 7, 173
What are the prime factors of 12435449?
13, 17, 56269
List the prime factors of 630482.
2, 239, 1319
What are the prime factors of 3209833?
11, 31, 9413
List the prime factors of 167443.
167443
What are the prime factors of 746983?
67, 11149
List the prime factors of 3286868.
2, 13, 31, 2039
What are the prime factors of 20590644?
2, 3, 1715887
List the prime factors of 1109616.
2, 3, 23117
List the prime factors of 8496181.
1223, 6947
What are the prime factors of 3031489?
3031489
List the prime factors of 12550386.
2, 3, 17, 71, 1733
What are the prime factors of 9325980?
2, 3, 5, 197, 263
List the prime factors of 366349.
109, 3361
List the prime factors of 684985.
5, 7, 19571
List the prime factors of 58917.
3, 41, 479
What are the prime factors of 4557165?
3, 5, 149, 2039
What are the prime factors of 2077776?
2, 3, 47, 307
List the prime factors of 117626.
2, 103, 571
What are the prime factors of 269188?
2, 173, 389
List the prime factors of 135687.
3, 31, 1459
What are the prime factors of 109973?
17, 6469
List the prime factors of 217285.
5, 43457
List the prime factors of 305833.
11, 27803
What are the prime factors of 31200?
2, 3, 5, 13
List the prime factors of 38030.
2, 5, 3803
What are the prime factors of 595295?
5, 67, 1777
What are the prime factors of 2184558?
2, 3, 541, 673
List the prime factors of 3194241.
3, 433, 2459
List the prime factors of 8398975.
5, 13, 43, 601
List the prime factors of 124606.
2, 62303
What are the prime factors of 2074740?
2, 3, 5, 151, 229
List the prime factors of 815210.
2, 5, 11, 7411
List the prime factors of 1744440.
2, 3, 5, 14537
List the prime factors of 35125.
5, 281
What are the prime factors of 1177831?
257, 4583
What are the prime factors of 315529?
315529
List the prime factors of 1772958.
2, 3, 11, 26863
What are the prime factors of 24367999?
461, 52859
List the prime factors of 1144142.
2, 19, 30109
List the prime factors of 86564.
2, 17, 19, 67
What are the prime factors of 4100427?
3, 455603
What are the prime factors of 526534?
2, 263267
List the prime factors of 7581942.
2, 3, 281, 1499
List the prime factors of 1751799.
3, 7, 17, 701
List the prime factors of 962455.
5, 13, 17, 67
List the prime factors of 1688058.
2, 3, 191, 491
What are the prime factors of 1802298?
2, 3, 131, 2293
List the prime factors of 205579.
11, 1699
What are the prime factors of 2267852?
2, 566963
What are the prime factors of 538126?
2, 269063
What are the prime factors of 17861785?
5, 3572357
What are the prime factors of 1138967?
1138967
List the prime factors of 2164085.
5, 7, 11, 73
What are the prime factors of 709702?
2, 7, 163, 311
List the prime factors of 12608402.
2, 41, 179, 859
What are the prime factors of 1182404?
2, 295601
What are the prime factors of 426718?
2, 213359
List the prime factors of 312187.
71, 4397
List the prime factors of 26950145.
5, 1867, 2887
List the prime factors of 1338389.
13, 102953
List the prime factors of 725148.
2, 3, 20143
List the prime factors of 274878.
2, 3, 15271
What are the prime factors of 2132304?
2, 3, 31, 1433
What are the prime factors of 2126904?
2, 3, 13, 17, 401
List the prime factors of 16461544.
2, 11, 283, 661
List the prime factors of 9030167.
211, 42797
What are the prime factors of 125635?
5, 25127
What are the prime factors of 554431?
554431
List the prime factors of 660924.
2, 3, 11, 1669
What are the prime factors of 52773?
3, 7, 359
What are the prime factors of 7055015?
5, 11, 128273
What are the prime